
What is the value of 23 + 36 + -8 + -61?
-10
101 + -113 + 4 + 1
-7
Calculate -5 - (5 - (10 + -1 + (13 - 18))).
-6
What is the value of 6 + -16 + (1 - -6 - (4 - 0))?
-7
Evaluate 1 + (9 - ((-4 - 0) + 7)) - -6.
13
Evaluate -26 + -33 - -58 - (-13 - -1).
11
What is the value of -39 - (-44 + (21 - 4))?
-12
(91 - (173 + -109)) + (-2 - 6 - 0)
19
Calculate 213 + -195 - (-1 - (-2 + -16)).
1
What is (1717 - 1725) + (-1 - (0 + -24))?
15
Calculate -5 - (-7 - (2 - 23 - (6 + -4))).
-21
Calculate (-13 - 1) + -115 + 153.
24
Evaluate (3 - (-23 - -47)) + 28.
7
Calculate (1 - (0 - -1)) + (-11 + -1 - 2).
-14
Calculate 171 + -180 + (-1 - -23).
13
What is the value of 22 + ((-2 - -2) + 16 - (-717 + 728))?
27
1 + (-20 - -7) + -10 + 0
-22
Calculate 8 + (6 + -69 + 10 - -9).
-36
-317 - -312 - (1 - (0 + (2 - -1)))
-3
What is the value of 0 + 0 - ((12 - 3) + -16 + 18)?
-11
Evaluate (-3 + 6 + -6 - -3 - 8) + 5.
-3
Evaluate 3 - (-6 + 3 + 4) - 3.
-1
What is 13 + -12 + (1 + 2 + -7 - -7)?
4
(30 - 29) + -1 - (5 + 1)
-6
What is the value of (0 - -5 - -3) + -1 - (-21 - -28)?
0
What is 1 + -6 - (17 + -89 + 76)?
-9
What is 4 + 0 - 2 - (13 + 0 - 0)?
-11
(-227 - -222) + (12 - (3 + 0))
4
Calculate -4 + 8 + 6 - -3.
13
What is -6 + -10 + -1 - -7?
-10
(1 - 15 - (-14 - -5)) + -17
-22
What is the value of (-11 - (-11 - -30)) + 19?
-11
What is the value of 1 - (28 + 0 + 7)?
-34
Evaluate -1 + 6 + 275 + -276 + 1.
5
Evaluate 8 + (6 - 17 - -4 - 13).
-12
4 - (0 - -7) - (-2 + 5 + 3)
-9
Evaluate 20 - 25 - (4 + -1) - -10.
2
What is the value of 3 + 5 - (-6 + (12 - (-5 + 3)))?
0
What is -10 + 23 - (-1 + 3 + 2)?
9
Calculate -9 + 0 - (25 - 30).
-4
What is 2 - (4 - ((-4 - (-7 - -4)) + 6))?
3
What is 14 + -8 - (24 + 1 + -4 + 11)?
-26
What is 7 + (0 - 7) + 7 - 13?
-6
-15 + (9 + 3 - -2) - -10
9
Evaluate (-33 - 0) + (-10 + -6 - (-10 + -3)).
-36
Calculate -174 - -167 - (2 + 16).
-25
2 + (6 - -1) + (-25 - -26)
10
Evaluate 18 - (7 - (-13 + -34)) - -12.
-24
What is the value of 2 + (-4 - 2) - -2 - (5 - 4)?
-3
Evaluate 18 + 32 + (-9 - 27).
14
Calculate 0 + -4 - (-407 - -416).
-13
What is 28 + (23 - (72 + -33))?
12
Evaluate 137 - 146 - (3 - 1).
-11
What is 17 - (-11 - -19) - (38 - 5)?
-24
What is (0 - 2) + (15 - 11) + 2 - -3?
7
Calculate (-17 - 0) + (18 - (3 - -12)) - -6.
-8
(51 - 41) + (-1 - -2) + 3
14
What is the value of -12 - ((1 + -8 - 0) + 7 + -2)?
-10
Calculate -1 + 5 + -33 + 41 - -9.
21
What is -8 + -11 + 25 + -4?
2
(-23 + 5 - -2) + 9
-7
What is (47 - 45) + 1 + -25 + 9?
-13
163 + -124 + (-60 - -3)
-18
-80 + 95 + (7 - 4 - -12)
30
Calculate 16 + -4 + 2 - (-1 + (13 - 4)).
6
Evaluate 0 - 30 - (-18 - (11 - 15)).
-16
What is the value of 6 - ((6 + -4 - -6) + 1 + -1)?
-2
What is the value of 4 - (4 + 0 + 4 + -8 + 4)?
0
Evaluate 8 - (5 + -37 + 29).
11
Evaluate -4 + (4 + (-8 - -9) - 7 - 11).
-17
Evaluate -1 - -7 - (6 - 9 - (-2 - 2)).
5
What is the value of (56 - (30 - (-16 - -33))) + -11?
32
(-4 - (-7 - 4)) + 5 + -16
-4
Calculate (41 - 50) + -4 + -2 + 3.
-12
(-17 - (-6 + 2)) + -13 + 11
-15
-38 + 24 + (-28 - (3 + -18))
-27
What is the value of 18 - (12 - -5) - -12?
13
Calculate -12 + -29 + 51 - 19.
-9
2 - 16 - (-9 - 1 - -2)
-6
Evaluate (27 - (32 + -5)) + (-2 - (13 - 1)).
-14
Calculate -16 - (9 + (18 - (12 + 17))).
-14
-76 + 86 + -3 + -27
-20
Evaluate -14 - (-1 + 1) - (-111 + 51 - -64).
-18
Evaluate 15 - (-5 + 14) - 8.
-2
8 + 4 + -1 - 4 - (-34 + 27)
14
What is 30 - (28 - 4 - (-15 - -29))?
20
Evaluate 2 - -7 - 3 - 5 - 4.
-3
What is the value of -10 + 1 + -63 + 64 - -4?
-4
What is -14 - (9 + (-39 - -28))?
-12
Evaluate -8 + -3 + 19 + -1 + 2.
9
Evaluate -28 + 16 - 4 - -26.
10
What is (2 - 0) + 4 - (-45 + 44)?
7
What is the value of -5 + (-12 - -27) - (3 + -2)?
9
What is (4 - -2) + (-9 - -4) + 0 + -8?
-7
Calculate (7 - 8) + -21 - -34.
12
What is the value of -7 + -1 + 8 + (-12 - -7) - -4?
-1
9 + -8 + 9 + -11
-1
Calculate -4 + (3 - 8) + 7 + -4 - -21.
15
22 + 9 + -41 + -6
-16
(-1 - -8) + -8 + 10 + 0
9
What is (-10 - 0) + -1 + 3 + -23 + 17?
-14
Evaluate 27 + (-934 + 936 - (1 + 0 + -1)).
29
7 + -28 + 39 + -28
-10
(3 + -3 - -6) + (-55 - -38)
-11
(8 - -14 - 9) + 1 + -33
-19
What is the value of 11 + -28 + 14 + -9 + 6?
-6
What is the value of -10 + (1 - 17) + 70 + -37 + -35?
-28
What is (6 - 5) + (16 - 16)?
1
Calculate 0 + -5 + 1 + (-5 - 4) + 6.
-7
-6 + (5 - -27) - 36
-10
Evaluate 76 + -79 - (1 - 13).
9
-15 + (-9 - -5 - 4) + 10
-13
Calculate 2 + 7 + -1 + (-17 - -16) + -8.
-1
Evaluate 10 + (-20 - -11) - (4 - 2).
-1
13 + (-1 - (13 + 11 + -14))
2
Evaluate 1 - (1 - 8) - (-364 + 374).
-2
Calculate -32 + 17 - -17 - (3 + -4).
3
(62 - (34 + -10)) + -39
-1
What is the value of (9 - 28) + -8 + 47?
20
18 + -10 + -4 + (-9 + 5 - 0)
0
What is (2 - -7) + -54 + 28?
-17
25 + -32 + (-9 + 11 - 2)
-7
What is the value of -30 + (26 - 24) + 11?
-17
Calculate 9 - (46 - 22) - -24.
9
Evaluate -11 + -1 - (-22 - -14) - -10.
6
38 - (18 - (-23 + 23))
20
-4 + 4 + -5 + (-2 + 1 - -6)
0
Evaluate -1 + -41 - (1351 + -1364).
-29
What is (-11 - 1) + (158 - 150)?
-4
Calculate (19 + -3 - (-61 - -68)) + 18.
27
What is the value of (15 - (-7 + 9 + -4)) + (3 - 8)?
12
What is the value of -61 + (22 - -45) + -34?
-28
What is the value of -7 + (-3 - -10) + 8?
8
What is the value of (-5 + 2 - 1) + -1 + 3?
-2
What is the value of 8 + -3 - (-2 + 4 - 4)?
7
5 + (-3 - -6 - 37)
-29
What is the value of (-31 - (-35 + 17)) + (42 - 15)?
14
-4 + -22 + 17 - (-3 + 8)
-14
9 - (-8 - (-9 + (-2 - -8)))
14
Evaluate 26 + (15 - 35) + (-21 - 2).
-17
(60 - 48) + -10 + -4
-2
Evaluate -3 + 11 + -1 - 2 - -12.
17
What is -13 + 22 + -12 + (9 - 2)?
4
Evaluate (1 - 1) + (-2 - (30 - 16)).
-16
What is the value of 10 - (10 - (4 - (-8 - -2) - 3))?
7
Calculate (3 - (-3 - -1)) + (-39 - -41) - 26.
-19
What is the value of 22 + -21 - (-6 + (9 - 4))?
2
What is 0 + -5 + (-9 - -34 - 7)?
13
Calculate 6 - (6 - 5) - (-6 - 5).
16
-2 + -19 + 5 + -4
-20
(-34 - (11 - 27)) + 15
-3
Calculate -41 + 5 + 40 + 15.
19
(5 - 12) + 11 + 9 - 1
12
What is the value of (-4 - -8 - -3) + -13 - 3?
-9
What is -33 - (-34 - 26) - -6?
33
What is (-6 - -25 - 39 - (-7 - -1)) + -2?
-16
What is (-22 - -20) + 6 + -1 + -4 - -7?
6
What is the value of (3 - -17 - 6) + (-11 - -19)?
22
Evaluate 2 + -13 - (544 + -571).
16
What is 3 + (-4 + -4 + 6 - -2) + 0?
3
Calculate -20 + (8 - -3) + -2.
-11
What is the value of 12 - 14 - -15 - 14 - -12?
11
Calculate -10 + (24 + (-11 - 9) - (0 + -3)).
-3
Evaluate 25 + 7 + -9 - (16 - 20).
27
What is the value of (-101 + 23 - -85) + (-36 - -1)?
-28
Evaluate (-1 - -8) + 531 + -556.
-18
94 - 128 - (4 + -20)
-18
What is 9 + 2 + (-128 - -106)?
-11
Evaluate -4 + -8 + (-9 - -8) + 17.
4
What is the value of (4 - 2) + 8 + (5 - 3)?
12
Evaluate -18 - -19 - (0 + 6 + -6).
1
Calculate -6 - (-12 - (-1 + (-1 - -12) + -2)).
14
What is the value of 0 - (13 + 28) - -67?
26
9 + 0 + -1 + (13 - 13)
8
What is -6 + (-1 + 6 - 4) + 0 - -5?
0
Evaluate 13 - 18 - (-35 - -21 - (2 - -2)).
13
1 + (13 - (1 - -16))
-3
Evaluate (4 - 9) + 1 + (-8 - -1) + -1.
-12
What is the value of -3 + -2 + 0 + 9 - (-10 - -4)?
10
Calculate 15 - (-15 - (-27 + 0)).
3
0 - 1 - 1 - (-5 + -21 + 24)
0
What is the value of -24 - 0 - (-295 - -294)?
-23
4 - (3 - (5 - 3) - (28 + -34))
-3
What is the value of -3 + 1 - (-6 - -1) - (84 - 84)?
3
What is the value of 2 - (-9 - (15 - (0 + 19)))?
7
2 + -3 + (-30 - -18)
-13
Evaluate 6 - (3 - (1 - 5)).
-1
Evaluate 1 + -2 + -23 + (22 - 13).
-15
What is 6 + -12 + 8 + 0 + -2?
0
What is the value of -1 - (22 - (17 - -7))?
1
Calculate -29 + 34 + -3 + (-1 + 2 - 16).
-13
What is 4 + (4 - -2) + (-9 + 11 - 2)?
10
What is 0 - (5 + 0) - -3?
-2
(1 - -22) + (-8 - (3 - (24 - 14)))
22
Calculate 27 + (-22 - (-5 - -2)).
8
Calculate (24 - (21 + 8)) + (-1 - -3 - -3).
0
What is (-12 - -8) + 26 + -31?
-9
What is the value of (6 - -30) + -60 + 18?
-6
Evaluate 16 - -2 - (12 + 0 + (12 - 16)).
10
Calculate 38 - 24 - (1 + -4 + -5).
22
Evaluate 20 + (-16 + 9 - 1) + -27.
-15
-4 - (-6 - -13 - -7 - 8)
-10
8 - (39 + -42 - (0 - (28 + -4)))
-13
What is the value of 9 - 4 - -14 - 8?
11
What is -6 + 0 + (-26 - -24) + -19?
-27
What is -4580 - -4583 - (-11 + (1 - 0))?
13
4 - ((23 - 29) + 6)
4
What is -4 + -2 + 2 + (-6 - (0 + -1))?
-9
What is 2 + 6 - (-227 + 246)?
-11
Calculate -5 - ((8 - (6 + 20)) + 8 + -6).
11
What is (-38 - -76) + (-24 - -4)?
18
1 + 2 + -1 + 22